{"id":13134,"date":"2022-11-13T16:42:04","date_gmt":"2022-11-13T14:42:04","guid":{"rendered":"http:\/\/kul-tour.ch\/wordpress\/?page_id=13134"},"modified":"2024-02-01T12:48:34","modified_gmt":"2024-02-01T10:48:34","slug":"zweck-des-vereins","status":"publish","type":"page","link":"https:\/\/kul-tour.ch\/wordpress\/?page_id=13134","title":{"rendered":"Zweck des Vereins"},"content":{"rendered":"\n<p>Der Verein Kultur auf V\u00f6gelinsegg dient<\/p>\n\n\n\n<ul>\n<li>der ideellen und personellen Unterst\u00fctzung der Theaterleitung,<\/li>\n\n\n\n<li>der Werbung f\u00fcr die Theaterveranstaltungen<\/li>\n\n\n\n<li>und der Bereicherung des kulturellen Lebens im Dorf Speicher <\/li>\n<\/ul>\n\n\n\n<div class=\"is-layout-flex wp-container-2 wp-block-columns\">\n<div class=\"is-layout-flow wp-block-column\">\n<figure class=\"wp-block-image size-full\"><a href=\"http:\/\/kul-tour.ch\/wordpress\/wp-content\/uploads\/2022\/11\/Hohrueti-ueaeber-Nebelmeer.jpg\"><img decoding=\"async\" loading=\"lazy\" width=\"900\" height=\"600\" src=\"http:\/\/kul-tour.ch\/wordpress\/wp-content\/uploads\/2022\/11\/Hohrueti-ueaeber-Nebelmeer.jpg\" alt=\"\" class=\"wp-image-13137\" srcset=\"https:\/\/kul-tour.ch\/wordpress\/wp-content\/uploads\/2022\/11\/Hohrueti-ueaeber-Nebelmeer.jpg 900w, https:\/\/kul-tour.ch\/wordpress\/wp-content\/uploads\/2022\/11\/Hohrueti-ueaeber-Nebelmeer-300x200.jpg 300w, https:\/\/kul-tour.ch\/wordpress\/wp-content\/uploads\/2022\/11\/Hohrueti-ueaeber-Nebelmeer-768x512.jpg 768w, https:\/\/kul-tour.ch\/wordpress\/wp-content\/uploads\/2022\/11\/Hohrueti-ueaeber-Nebelmeer-450x300.jpg 450w\" sizes=\"(max-width: 900px) 100vw, 900px\" \/><\/a><\/figure>\n<\/div>\n<\/div>\n\n\n\n<p class=\"has-background\" style=\"background-color:#383838c7\">KUL-TOUR auf V\u00f6gelinsegg &amp; <a rel=\"noreferrer noopener\" href=\"https:\/\/kul-tour.ch\/wordpress\/?page_id=13143\" data-type=\"page\" data-id=\"13143\" target=\"_blank\">Stiftung Pro Latina<\/a><br>Hohr\u00fcti 1, 9042 Speicher<br>071 340 09 01<br>info(at)kul-tour.ch<\/p>\n","protected":false},"excerpt":{"rendered":"<p>Der Verein Kultur auf V\u00f6gelinsegg dient KUL-TOUR auf V\u00f6gelinsegg &amp; Stiftung Pro LatinaHohr\u00fcti 1, 9042 Speicher071 340 09 01info(at)kul-tour.ch<\/p>\n","protected":false},"author":1,"featured_media":0,"parent":0,"menu_order":0,"comment_status":"closed","ping_status":"closed","template":"","meta":{"ngg_post_thumbnail":0},"_links":{"self":[{"href":"https:\/\/kul-tour.ch\/wordpress\/index.php?rest_route=\/wp\/v2\/pages\/13134"}],"collection":[{"href":"https:\/\/kul-tour.ch\/wordpress\/index.php?rest_route=\/wp\/v2\/pages"}],"about":[{"href":"https:\/\/kul-tour.ch\/wordpress\/index.php?rest_route=\/wp\/v2\/types\/page"}],"author":[{"embeddable":true,"href":"https:\/\/kul-tour.ch\/wordpress\/index.php?rest_route=\/wp\/v2\/users\/1"}],"replies":[{"embeddable":true,"href":"https:\/\/kul-tour.ch\/wordpress\/index.php?rest_route=%2Fwp%2Fv2%2Fcomments&post=13134"}],"version-history":[{"count":6,"href":"https:\/\/kul-tour.ch\/wordpress\/index.php?rest_route=\/wp\/v2\/pages\/13134\/revisions"}],"predecessor-version":[{"id":14509,"href":"https:\/\/kul-tour.ch\/wordpress\/index.php?rest_route=\/wp\/v2\/pages\/13134\/revisions\/14509"}],"wp:attachment":[{"href":"https:\/\/kul-tour.ch\/wordpress\/index.php?rest_route=%2Fwp%2Fv2%2Fmedia&parent=13134"}],"curies":[{"name":"wp","href":"https:\/\/api.w.org\/{rel}","templated":true}]}}