{"id":14736,"date":"2024-07-28T18:31:48","date_gmt":"2024-07-28T16:31:48","guid":{"rendered":"https:\/\/kul-tour.ch\/wordpress\/?page_id=14736"},"modified":"2024-07-28T18:31:48","modified_gmt":"2024-07-28T16:31:48","slug":"marco-santilli","status":"publish","type":"page","link":"https:\/\/kul-tour.ch\/wordpress\/?page_id=14736","title":{"rendered":"Marco Santilli"},"content":{"rendered":"\n<p><strong><em>&#8222;CheRoba in due&#8220; (Mediterranean Jazz)<\/em><\/strong><\/p>\n\n\n\n<p><strong><em>Marco Santilli (CH) Klarinette, Bassklarinette, Kompositionen<\/em><\/strong><\/p>\n\n\n\n<p><strong><em>Ivan Tibolla (I) Klavier, Kompositionen<\/em><\/strong><\/p>\n\n\n\n<p><em>Der Tessiner Klarinettist Marco Santilli und der venezianische Pianist&nbsp;Ivan Tibolla sind&nbsp;beide klassisch ausgebildet und&nbsp;haben ihr zweites Album&nbsp;&#8222;CheRoba in due\u201d ver\u00f6ffentlicht, das w\u00e4hrend der Pandemie unter dem Impuls einer Reflexion \u00fcber den Wert von Anwesenheit und Abwesenheit reifte.&nbsp;<\/em><\/p>\n\n\n\n<p><em>Die Mischung aus geschriebenen und improvisierten Noten ist ihr Hauptmerkmal.<\/em><\/p>\n\n\n\n<p><em>Das Album wurde u.a. w\u00e4hrend der LIVE-Streaming Konzertreihe \u201cMusicaViva\u201d beim Schweizer Radiosender Rete Due pr\u00e4sentiert:<\/em><\/p>\n\n\n\n<p><em>Mehr \u00fcber das Projekt:<\/em><\/p>\n\n\n\n<p><em><a href=\"http:\/\/www.marcosantilli.com\/\">www.marcosantilli.com<\/a><\/em><\/p>\n\n\n\n<p><em>&#8222;Das Bild eines Tisches mit zwei leeren St\u00fchlen erinnert an eine Abwesenheit, eine Leere, die gef\u00fcllt werden muss. Spricht die Musik nicht auch zu uns von dieser Leere und von der W\u00fcrde, mit der die vor uns verlassenen Dinge zu uns sprechen k\u00f6nnen? Musik bietet uns Hinweise auf die Wahrheit, sie ber\u00fchrt uns dort, wo das Wort nicht hinkommt, sie kann uns f\u00fcr die Abwesenheit, f\u00fcr die Leere entsch\u00e4digen. So wird der Fluch der Pandemie, der die \u201cCalli&#8220; und \u201cCampi&#8220; von Venedig mit seiner Ansteckung geleert hat, auch dank der Musik zu einem Z\u00fcnder des Potenzials, zu einer Reflexion \u00fcber den Wert von Pr\u00e4senz und Abwesenheit. Hier sind zwei Musiker, die durch die geschriebene Note und die improvisierte Note versuchen, eine innere Landschaft zu bewohnen und zu frequentieren, einen Sinn abzurufen, so dass die Leere nicht nur eine Abwesenheit von Inhalt ist\u201d.<\/em><\/p>\n\n\n\n<p><\/p>\n","protected":false},"excerpt":{"rendered":"<p>&#8222;CheRoba in due&#8220; (Mediterranean Jazz) Marco Santilli (CH) Klarinette, Bassklarinette, Kompositionen Ivan Tibolla (I) Klavier, Kompositionen Der Tessiner Klarinettist Marco Santilli und der venezianische Pianist&nbsp;Ivan Tibolla sind&nbsp;beide klassisch ausgebildet und&nbsp;haben ihr zweites Album&nbsp;&#8222;CheRoba in due\u201d ver\u00f6ffentlicht, das w\u00e4hrend der Pandemie &hellip; <a href=\"https:\/\/kul-tour.ch\/wordpress\/?page_id=14736\">Weiterlesen <span class=\"meta-nav\">&rarr;<\/span><\/a><\/p>\n","protected":false},"author":1,"featured_media":0,"parent":0,"menu_order":0,"comment_status":"closed","ping_status":"closed","template":"","meta":{"ngg_post_thumbnail":0},"_links":{"self":[{"href":"https:\/\/kul-tour.ch\/wordpress\/index.php?rest_route=\/wp\/v2\/pages\/14736"}],"collection":[{"href":"https:\/\/kul-tour.ch\/wordpress\/index.php?rest_route=\/wp\/v2\/pages"}],"about":[{"href":"https:\/\/kul-tour.ch\/wordpress\/index.php?rest_route=\/wp\/v2\/types\/page"}],"author":[{"embeddable":true,"href":"https:\/\/kul-tour.ch\/wordpress\/index.php?rest_route=\/wp\/v2\/users\/1"}],"replies":[{"embeddable":true,"href":"https:\/\/kul-tour.ch\/wordpress\/index.php?rest_route=%2Fwp%2Fv2%2Fcomments&post=14736"}],"version-history":[{"count":1,"href":"https:\/\/kul-tour.ch\/wordpress\/index.php?rest_route=\/wp\/v2\/pages\/14736\/revisions"}],"predecessor-version":[{"id":14737,"href":"https:\/\/kul-tour.ch\/wordpress\/index.php?rest_route=\/wp\/v2\/pages\/14736\/revisions\/14737"}],"wp:attachment":[{"href":"https:\/\/kul-tour.ch\/wordpress\/index.php?rest_route=%2Fwp%2Fv2%2Fmedia&parent=14736"}],"curies":[{"name":"wp","href":"https:\/\/api.w.org\/{rel}","templated":true}]}}