{"id":1853,"date":"2013-01-02T13:58:43","date_gmt":"2013-01-02T11:58:43","guid":{"rendered":"http:\/\/kul-tour.ch\/wordpress\/?page_id=1853"},"modified":"2013-01-19T23:53:10","modified_gmt":"2013-01-19T21:53:10","slug":"ubernachtung","status":"publish","type":"page","link":"https:\/\/kul-tour.ch\/wordpress\/?page_id=1853","title":{"rendered":"\u00dcbernachtung im Idyll-Hotel Appenzeller Hof"},"content":{"rendered":"<p><a href=\"http:\/\/www.appenzellerhof.ch\/\"><img decoding=\"async\" loading=\"lazy\" class=\"alignnone  wp-image-1856\" title=\"Appenzellerhof\" alt=\"\" src=\"http:\/\/kul-tour.ch\/wordpress\/wp-content\/uploads\/2013\/01\/Appenzellerhof.jpg\" width=\"800\" height=\"620\" srcset=\"https:\/\/kul-tour.ch\/wordpress\/wp-content\/uploads\/2013\/01\/Appenzellerhof.jpg 800w, https:\/\/kul-tour.ch\/wordpress\/wp-content\/uploads\/2013\/01\/Appenzellerhof-300x232.jpg 300w, https:\/\/kul-tour.ch\/wordpress\/wp-content\/uploads\/2013\/01\/Appenzellerhof-387x300.jpg 387w\" sizes=\"(max-width: 800px) 100vw, 800px\" \/><\/a><\/p>\n<p>Wenn Sie im sch\u00f6nen Appenzellerland einen Aufenthalt planen m\u00f6chten, empfehlen wir Ihnen zur \u00dcbernachtung das<a href=\"http:\/\/www.appenzellerhof.ch\" target=\"_blank\"> Idyllhotel Appenzellerhof<\/a> in unserem Dorf Speicher,<br \/>\nca. 15 Geheminuten von unserem Theater entfernt. Man kann dort auch hervorragend und biologisch speisen!<\/p>\n","protected":false},"excerpt":{"rendered":"<p>Wenn Sie im sch\u00f6nen Appenzellerland einen Aufenthalt planen m\u00f6chten, empfehlen wir Ihnen zur \u00dcbernachtung das Idyllhotel Appenzellerhof in unserem Dorf Speicher, ca. 15 Geheminuten von unserem Theater entfernt. Man kann dort auch hervorragend und biologisch speisen!<\/p>\n","protected":false},"author":1,"featured_media":0,"parent":0,"menu_order":0,"comment_status":"closed","ping_status":"closed","template":"","meta":{"ngg_post_thumbnail":0},"_links":{"self":[{"href":"https:\/\/kul-tour.ch\/wordpress\/index.php?rest_route=\/wp\/v2\/pages\/1853"}],"collection":[{"href":"https:\/\/kul-tour.ch\/wordpress\/index.php?rest_route=\/wp\/v2\/pages"}],"about":[{"href":"https:\/\/kul-tour.ch\/wordpress\/index.php?rest_route=\/wp\/v2\/types\/page"}],"author":[{"embeddable":true,"href":"https:\/\/kul-tour.ch\/wordpress\/index.php?rest_route=\/wp\/v2\/users\/1"}],"replies":[{"embeddable":true,"href":"https:\/\/kul-tour.ch\/wordpress\/index.php?rest_route=%2Fwp%2Fv2%2Fcomments&post=1853"}],"version-history":[{"count":15,"href":"https:\/\/kul-tour.ch\/wordpress\/index.php?rest_route=\/wp\/v2\/pages\/1853\/revisions"}],"predecessor-version":[{"id":2503,"href":"https:\/\/kul-tour.ch\/wordpress\/index.php?rest_route=\/wp\/v2\/pages\/1853\/revisions\/2503"}],"wp:attachment":[{"href":"https:\/\/kul-tour.ch\/wordpress\/index.php?rest_route=%2Fwp%2Fv2%2Fmedia&parent=1853"}],"curies":[{"name":"wp","href":"https:\/\/api.w.org\/{rel}","templated":true}]}}