{"id":4673,"date":"2014-02-27T18:05:36","date_gmt":"2014-02-27T16:05:36","guid":{"rendered":"http:\/\/kul-tour.ch\/wordpress\/?page_id=4673"},"modified":"2024-02-01T12:52:37","modified_gmt":"2024-02-01T10:52:37","slug":"konzept-anerkennung-zusammenarbeit","status":"publish","type":"page","link":"https:\/\/kul-tour.ch\/wordpress\/?page_id=4673","title":{"rendered":"Konzept &#8211; Anerkennung &#8211; Zusammenarbeit"},"content":{"rendered":"<p style=\"text-align: justify;\">&nbsp;<img decoding=\"async\" loading=\"lazy\" class=\"alignnone wp-image-4704\" title=\"Chimborazzo f. homepage\" src=\"http:\/\/kul-tour.ch\/wordpress\/wp-content\/uploads\/2014\/02\/Chimborazo-flachf.-homepage.jpg\" alt=\"\" width=\"902\" height=\"202\" srcset=\"https:\/\/kul-tour.ch\/wordpress\/wp-content\/uploads\/2014\/02\/Chimborazo-flachf.-homepage.jpg 902w, https:\/\/kul-tour.ch\/wordpress\/wp-content\/uploads\/2014\/02\/Chimborazo-flachf.-homepage-300x67.jpg 300w, https:\/\/kul-tour.ch\/wordpress\/wp-content\/uploads\/2014\/02\/Chimborazo-flachf.-homepage-500x111.jpg 500w\" sizes=\"(max-width: 902px) 100vw, 902px\" \/><strong>Konzept<br><\/strong><b>Pro Latina<\/b> wurde im Jahr 2000 von Elsbeth Gallusser und Peter von Tessin ins Leben gerufen. Als Stiftungskapital konnte ein Erbschaftsanteil eingesetzt werden.<\/p>\n<p style=\"text-align: justify;\">Ziel ist, mit Hilfe einheimischer Entwicklungsorganisationen der indigenen Landbev\u00f6lkerung zu helfen, die landwirtschaftlichen Grundlagen f\u00fcr die Selbstversorgung und f\u00fcr den Handel zu verbessern. Dabei gehen wir von landwirtschaftlichen Produkten und Technologien aus, die die Bev\u00f6lkerung schon seit jeher kennt, und die z.T. in Vergessenheit geraten sind. So wurde z.B. in den letzten&nbsp; 200 Jahren die k\u00fcnstliche Bew\u00e4sserung str\u00e4flich vernachl\u00e4ssigt. Auch die Lamazucht ist in den letzten 50 Jahrenfast v\u00f6llig in Vergessenheit geraten.<br><img decoding=\"async\" loading=\"lazy\" class=\"alignnone wp-image-4677 size-full\" src=\"http:\/\/kul-tour.ch\/wordpress\/wp-content\/uploads\/2014\/02\/Indigenas-flach-f.-homepage.jpg\" alt=\"\" width=\"897\" height=\"164\" srcset=\"https:\/\/kul-tour.ch\/wordpress\/wp-content\/uploads\/2014\/02\/Indigenas-flach-f.-homepage.jpg 897w, https:\/\/kul-tour.ch\/wordpress\/wp-content\/uploads\/2014\/02\/Indigenas-flach-f.-homepage-300x54.jpg 300w, https:\/\/kul-tour.ch\/wordpress\/wp-content\/uploads\/2014\/02\/Indigenas-flach-f.-homepage-500x91.jpg 500w\" sizes=\"(max-width: 897px) 100vw, 897px\" \/><strong>Anerkennung<br><\/strong><b>Pro Latina <\/b>ist von der Eidgen\u00f6ssischen Stiftungsaufsicht als gemeinn\u00fctzige Institution anerkannt. Spenden k\u00f6nnen f\u00fcr die Steuern vom Einkommen abgezogen werden.<br>Die Arbeit in der Stiftung ist ehrenamtlich.<\/p>\n<p style=\"text-align: justify;\"><strong>Zusammenarbeit<br><\/strong><b>Pro Latina <\/b>arbeitet mit ortsans\u00e4ssigen Organisationen zusammen und nutzt damit bestehende Strukturen und Ressourcen.<b><br>Ziel<\/b> ist die nachhaltige Verbesserung der Lebensbedingungen.<\/p>\n\n\n<p class=\"has-background\" style=\"background-color:#383838c7\">KUL-TOUR auf V\u00f6gelinsegg &amp; <a rel=\"noreferrer noopener\" href=\"https:\/\/kul-tour.ch\/wordpress\/?page_id=13143\" data-type=\"page\" data-id=\"13143\" target=\"_blank\">Stiftung Pro Latina<\/a><br>Hohr\u00fcti 1, 9042 Speicher<br>071 340 09 01<br>info(at)kul-tour.ch<\/p>\n","protected":false},"excerpt":{"rendered":"<p>&nbsp;KonzeptPro Latina wurde im Jahr 2000 von Elsbeth Gallusser und Peter von Tessin ins Leben gerufen. Als Stiftungskapital konnte ein Erbschaftsanteil eingesetzt werden. Ziel ist, mit Hilfe einheimischer Entwicklungsorganisationen der indigenen Landbev\u00f6lkerung zu helfen, die landwirtschaftlichen Grundlagen f\u00fcr die Selbstversorgung &hellip; <a href=\"https:\/\/kul-tour.ch\/wordpress\/?page_id=4673\">Weiterlesen <span class=\"meta-nav\">&rarr;<\/span><\/a><\/p>\n","protected":false},"author":1,"featured_media":0,"parent":2045,"menu_order":0,"comment_status":"closed","ping_status":"closed","template":"","meta":{"ngg_post_thumbnail":0},"_links":{"self":[{"href":"https:\/\/kul-tour.ch\/wordpress\/index.php?rest_route=\/wp\/v2\/pages\/4673"}],"collection":[{"href":"https:\/\/kul-tour.ch\/wordpress\/index.php?rest_route=\/wp\/v2\/pages"}],"about":[{"href":"https:\/\/kul-tour.ch\/wordpress\/index.php?rest_route=\/wp\/v2\/types\/page"}],"author":[{"embeddable":true,"href":"https:\/\/kul-tour.ch\/wordpress\/index.php?rest_route=\/wp\/v2\/users\/1"}],"replies":[{"embeddable":true,"href":"https:\/\/kul-tour.ch\/wordpress\/index.php?rest_route=%2Fwp%2Fv2%2Fcomments&post=4673"}],"version-history":[{"count":16,"href":"https:\/\/kul-tour.ch\/wordpress\/index.php?rest_route=\/wp\/v2\/pages\/4673\/revisions"}],"predecessor-version":[{"id":14515,"href":"https:\/\/kul-tour.ch\/wordpress\/index.php?rest_route=\/wp\/v2\/pages\/4673\/revisions\/14515"}],"up":[{"embeddable":true,"href":"https:\/\/kul-tour.ch\/wordpress\/index.php?rest_route=\/wp\/v2\/pages\/2045"}],"wp:attachment":[{"href":"https:\/\/kul-tour.ch\/wordpress\/index.php?rest_route=%2Fwp%2Fv2%2Fmedia&parent=4673"}],"curies":[{"name":"wp","href":"https:\/\/api.w.org\/{rel}","templated":true}]}}

<p style="text-align: justify;">&nbsp;<img decoding="async" loading="lazy" class="alignnone wp-image-4704" title="Chimborazzo f. homepage" src="http://kul-tour.ch/wordpress/wp-content/uploads/2014/02/Chimborazo-flachf.-homepage.jpg" alt="" width="902" height="202" srcset="https://kul-tour.ch/wordpress/wp-content/uploads/2014/02/Chimborazo-flachf.-homepage.jpg 902w, https://kul-tour.ch/wordpress/wp-content/uploads/2014/02/Chimborazo-flachf.-homepage-300x67.jpg 300w, https://kul-tour.ch/wordpress/wp-content/uploads/2014/02/Chimborazo-flachf.-homepage-500x111.jpg 500w" sizes="(max-width: 902px) 100vw, 902px" /><strong>Konzept<br></strong><b>Pro Latina</b> wurde im Jahr 2000 von Elsbeth Gallusser und Peter von Tessin ins Leben gerufen. Als Stiftungskapital konnte ein Erbschaftsanteil eingesetzt werden.</p>
<p style="text-align: justify;">Ziel ist, mit Hilfe einheimischer Entwicklungsorganisationen der indigenen Landbevölkerung zu helfen, die landwirtschaftlichen Grundlagen für die Selbstversorgung und für den Handel zu verbessern. Dabei gehen wir von landwirtschaftlichen Produkten und Technologien aus, die die Bevölkerung schon seit jeher kennt, und die z.T. in Vergessenheit geraten sind. So wurde z.B. in den letzten&nbsp; 200 Jahren die künstliche Bewässerung sträflich vernachlässigt. Auch die Lamazucht ist in den letzten 50 Jahrenfast völlig in Vergessenheit geraten.<br><img decoding="async" loading="lazy" class="alignnone wp-image-4677 size-full" src="http://kul-tour.ch/wordpress/wp-content/uploads/2014/02/Indigenas-flach-f.-homepage.jpg" alt="" width="897" height="164" srcset="https://kul-tour.ch/wordpress/wp-content/uploads/2014/02/Indigenas-flach-f.-homepage.jpg 897w, https://kul-tour.ch/wordpress/wp-content/uploads/2014/02/Indigenas-flach-f.-homepage-300x54.jpg 300w, https://kul-tour.ch/wordpress/wp-content/uploads/2014/02/Indigenas-flach-f.-homepage-500x91.jpg 500w" sizes="(max-width: 897px) 100vw, 897px" /><strong>Anerkennung<br></strong><b>Pro Latina </b>ist von der Eidgenössischen Stiftungsaufsicht als gemeinnützige Institution anerkannt. Spenden können für die Steuern vom Einkommen abgezogen werden.<br>Die Arbeit in der Stiftung ist ehrenamtlich.</p>
<p style="text-align: justify;"><strong>Zusammenarbeit<br></strong><b>Pro Latina </b>arbeitet mit ortsansässigen Organisationen zusammen und nutzt damit bestehende Strukturen und Ressourcen.<b><br>Ziel</b> ist die nachhaltige Verbesserung der Lebensbedingungen.</p>


<p class="has-background" style="background-color:#383838c7">KUL-TOUR auf Vögelinsegg &amp; <a rel="noreferrer noopener" href="https://kul-tour.ch/wordpress/?page_id=13143" data-type="page" data-id="13143" target="_blank">Stiftung Pro Latina</a><br>Hohrüti 1, 9042 Speicher<br>071 340 09 01<br>info(at)kul-tour.ch</p>

<p>&nbsp;KonzeptPro Latina wurde im Jahr 2000 von Elsbeth Gallusser und Peter von Tessin ins Leben gerufen. Als Stiftungskapital konnte ein Erbschaftsanteil eingesetzt werden. Ziel ist, mit Hilfe einheimischer Entwicklungsorganisationen der indigenen Landbevölkerung zu helfen, die landwirtschaftlichen Grundlagen für die Selbstversorgung &hellip; <a href="https://kul-tour.ch/wordpress/?page_id=4673">Weiterlesen <span class="meta-nav">&rarr;</span></a></p>
